{"id":136,"date":"2025-05-18T21:21:23","date_gmt":"2025-05-18T19:21:23","guid":{"rendered":"https:\/\/sexo-conseils.com\/?post_type=product&#038;p=136"},"modified":"2026-01-01T23:16:59","modified_gmt":"2026-01-01T22:16:59","slug":"bons-cadeaux-coquins-a-telecharger","status":"publish","type":"product","link":"https:\/\/sexo-conseils.com\/?product=bons-cadeaux-coquins-a-telecharger","title":{"rendered":"Bons cadeaux coquins \u00e0 t\u00e9l\u00e9charger"},"content":{"rendered":"<p><span class=\"OYPEnA text-decoration-none text-strikethrough-none\">Pour des moments intenses ! Rebooster votre libido !<br \/>\nVous trouverez dans ce carnet des bons cadeaux \u00e0 offrir plus ou moins coquins ainsi que des bons \u00e0 personnaliser. D\u00e9coupez un bon et offrez-le \u00e0 la personne de votre choix.<\/span><\/p>\n<p>bons cadeaux soft exemple : Bon pour un baiser<br \/>\nbons cadeaux moins soft exemple : Bon pour une douche coquine<br \/>\nbons cadeau Hot \u00e0 decouvrir ! Et m\u00eame des bons \u00e0 personnaliser<\/p>\n","protected":false},"excerpt":{"rendered":"<p>Pour des moments intenses ! Rebooster votre libido ! Vous trouverez dans ce carnet des bons cadeaux \u00e0 offrir plus ou moins coquins ainsi que des bons \u00e0 personnaliser. D\u00e9coupez <a class=\"more-link\" href=\"https:\/\/sexo-conseils.com\/?product=bons-cadeaux-coquins-a-telecharger\">Continuer la lecture &rarr;<\/a><\/p>\n","protected":false},"featured_media":137,"comment_status":"open","ping_status":"closed","template":"","meta":[],"product_brand":[],"product_cat":[17],"product_tag":[],"class_list":{"0":"post-136","1":"product","2":"type-product","3":"status-publish","4":"has-post-thumbnail","6":"product_cat-non-classe","8":"first","9":"instock","10":"downloadable","11":"shipping-taxable","12":"purchasable","13":"product-type-simple"},"yoast_head":"<!-- This site is optimized with the Yoast SEO plugin v25.6 - https:\/\/yoast.com\/wordpress\/plugins\/seo\/ -->\n<title>Bons cadeaux coquins \u00e0 t\u00e9l\u00e9charger - Sexo-Conseils<\/title>\n<meta name=\"robots\" content=\"index, follow, max-snippet:-1, max-image-preview:large, max-video-preview:-1\" \/>\n<link rel=\"canonical\" href=\"https:\/\/sexo-conseils.com\/?product=bons-cadeaux-coquins-a-telecharger\" \/>\n<meta property=\"og:locale\" content=\"fr_FR\" \/>\n<meta property=\"og:type\" content=\"article\" \/>\n<meta property=\"og:title\" content=\"Bons cadeaux coquins \u00e0 t\u00e9l\u00e9charger - Sexo-Conseils\" \/>\n<meta property=\"og:description\" content=\"Pour des moments intenses ! Rebooster votre libido ! Vous trouverez dans ce carnet des bons cadeaux \u00e0 offrir plus ou moins coquins ainsi que des bons\" \/>\n<meta property=\"og:url\" content=\"https:\/\/sexo-conseils.com\/?product=bons-cadeaux-coquins-a-telecharger\" \/>\n<meta property=\"og:site_name\" content=\"Sexo-Conseils\" \/>\n<meta property=\"article:modified_time\" content=\"2026-01-01T22:16:59+00:00\" \/>\n<meta property=\"og:image\" content=\"https:\/\/sexo-conseils.com\/wp-content\/uploads\/2025\/05\/Bons-cadeaux-coquins-300x300-1.jpg\" \/>\n\t<meta property=\"og:image:width\" content=\"300\" \/>\n\t<meta property=\"og:image:height\" content=\"300\" \/>\n\t<meta property=\"og:image:type\" content=\"image\/jpeg\" \/>\n<meta name=\"twitter:card\" content=\"summary_large_image\" \/>\n<meta name=\"twitter:label1\" content=\"Dur\u00e9e de lecture estim\u00e9e\" \/>\n\t<meta name=\"twitter:data1\" content=\"1 minute\" \/>\n<script type=\"application\/ld+json\" class=\"yoast-schema-graph\">{\"@context\":\"https:\/\/schema.org\",\"@graph\":[{\"@type\":\"WebPage\",\"@id\":\"https:\/\/sexo-conseils.com\/?product=bons-cadeaux-coquins-a-telecharger\",\"url\":\"https:\/\/sexo-conseils.com\/?product=bons-cadeaux-coquins-a-telecharger\",\"name\":\"Bons cadeaux coquins \u00e0 t\u00e9l\u00e9charger - Sexo-Conseils\",\"isPartOf\":{\"@id\":\"https:\/\/sexo-conseils.com\/#website\"},\"primaryImageOfPage\":{\"@id\":\"https:\/\/sexo-conseils.com\/?product=bons-cadeaux-coquins-a-telecharger#primaryimage\"},\"image\":{\"@id\":\"https:\/\/sexo-conseils.com\/?product=bons-cadeaux-coquins-a-telecharger#primaryimage\"},\"thumbnailUrl\":\"https:\/\/sexo-conseils.com\/wp-content\/uploads\/2025\/05\/Bons-cadeaux-coquins-300x300-1.jpg\",\"datePublished\":\"2025-05-18T19:21:23+00:00\",\"dateModified\":\"2026-01-01T22:16:59+00:00\",\"breadcrumb\":{\"@id\":\"https:\/\/sexo-conseils.com\/?product=bons-cadeaux-coquins-a-telecharger#breadcrumb\"},\"inLanguage\":\"fr-FR\",\"potentialAction\":[{\"@type\":\"ReadAction\",\"target\":[\"https:\/\/sexo-conseils.com\/?product=bons-cadeaux-coquins-a-telecharger\"]}]},{\"@type\":\"ImageObject\",\"inLanguage\":\"fr-FR\",\"@id\":\"https:\/\/sexo-conseils.com\/?product=bons-cadeaux-coquins-a-telecharger#primaryimage\",\"url\":\"https:\/\/sexo-conseils.com\/wp-content\/uploads\/2025\/05\/Bons-cadeaux-coquins-300x300-1.jpg\",\"contentUrl\":\"https:\/\/sexo-conseils.com\/wp-content\/uploads\/2025\/05\/Bons-cadeaux-coquins-300x300-1.jpg\",\"width\":300,\"height\":300},{\"@type\":\"BreadcrumbList\",\"@id\":\"https:\/\/sexo-conseils.com\/?product=bons-cadeaux-coquins-a-telecharger#breadcrumb\",\"itemListElement\":[{\"@type\":\"ListItem\",\"position\":1,\"name\":\"Accueil\",\"item\":\"https:\/\/sexo-conseils.com\/\"},{\"@type\":\"ListItem\",\"position\":2,\"name\":\"Boutique\",\"item\":\"https:\/\/sexo-conseils.com\/?page_id=54\"},{\"@type\":\"ListItem\",\"position\":3,\"name\":\"Bons cadeaux coquins \u00e0 t\u00e9l\u00e9charger\"}]},{\"@type\":\"WebSite\",\"@id\":\"https:\/\/sexo-conseils.com\/#website\",\"url\":\"https:\/\/sexo-conseils.com\/\",\"name\":\"Sexo-Conseils\",\"description\":\"L\u2019intime, en toute confiance\",\"potentialAction\":[{\"@type\":\"SearchAction\",\"target\":{\"@type\":\"EntryPoint\",\"urlTemplate\":\"https:\/\/sexo-conseils.com\/?s={search_term_string}\"},\"query-input\":{\"@type\":\"PropertyValueSpecification\",\"valueRequired\":true,\"valueName\":\"search_term_string\"}}],\"inLanguage\":\"fr-FR\"}]}<\/script>\n<!-- \/ Yoast SEO plugin. -->","yoast_head_json":{"title":"Bons cadeaux coquins \u00e0 t\u00e9l\u00e9charger - Sexo-Conseils","robots":{"index":"index","follow":"follow","max-snippet":"max-snippet:-1","max-image-preview":"max-image-preview:large","max-video-preview":"max-video-preview:-1"},"canonical":"https:\/\/sexo-conseils.com\/?product=bons-cadeaux-coquins-a-telecharger","og_locale":"fr_FR","og_type":"article","og_title":"Bons cadeaux coquins \u00e0 t\u00e9l\u00e9charger - Sexo-Conseils","og_description":"Pour des moments intenses ! Rebooster votre libido ! Vous trouverez dans ce carnet des bons cadeaux \u00e0 offrir plus ou moins coquins ainsi que des bons","og_url":"https:\/\/sexo-conseils.com\/?product=bons-cadeaux-coquins-a-telecharger","og_site_name":"Sexo-Conseils","article_modified_time":"2026-01-01T22:16:59+00:00","og_image":[{"width":300,"height":300,"url":"https:\/\/sexo-conseils.com\/wp-content\/uploads\/2025\/05\/Bons-cadeaux-coquins-300x300-1.jpg","type":"image\/jpeg"}],"twitter_card":"summary_large_image","twitter_misc":{"Dur\u00e9e de lecture estim\u00e9e":"1 minute"},"schema":{"@context":"https:\/\/schema.org","@graph":[{"@type":"WebPage","@id":"https:\/\/sexo-conseils.com\/?product=bons-cadeaux-coquins-a-telecharger","url":"https:\/\/sexo-conseils.com\/?product=bons-cadeaux-coquins-a-telecharger","name":"Bons cadeaux coquins \u00e0 t\u00e9l\u00e9charger - Sexo-Conseils","isPartOf":{"@id":"https:\/\/sexo-conseils.com\/#website"},"primaryImageOfPage":{"@id":"https:\/\/sexo-conseils.com\/?product=bons-cadeaux-coquins-a-telecharger#primaryimage"},"image":{"@id":"https:\/\/sexo-conseils.com\/?product=bons-cadeaux-coquins-a-telecharger#primaryimage"},"thumbnailUrl":"https:\/\/sexo-conseils.com\/wp-content\/uploads\/2025\/05\/Bons-cadeaux-coquins-300x300-1.jpg","datePublished":"2025-05-18T19:21:23+00:00","dateModified":"2026-01-01T22:16:59+00:00","breadcrumb":{"@id":"https:\/\/sexo-conseils.com\/?product=bons-cadeaux-coquins-a-telecharger#breadcrumb"},"inLanguage":"fr-FR","potentialAction":[{"@type":"ReadAction","target":["https:\/\/sexo-conseils.com\/?product=bons-cadeaux-coquins-a-telecharger"]}]},{"@type":"ImageObject","inLanguage":"fr-FR","@id":"https:\/\/sexo-conseils.com\/?product=bons-cadeaux-coquins-a-telecharger#primaryimage","url":"https:\/\/sexo-conseils.com\/wp-content\/uploads\/2025\/05\/Bons-cadeaux-coquins-300x300-1.jpg","contentUrl":"https:\/\/sexo-conseils.com\/wp-content\/uploads\/2025\/05\/Bons-cadeaux-coquins-300x300-1.jpg","width":300,"height":300},{"@type":"BreadcrumbList","@id":"https:\/\/sexo-conseils.com\/?product=bons-cadeaux-coquins-a-telecharger#breadcrumb","itemListElement":[{"@type":"ListItem","position":1,"name":"Accueil","item":"https:\/\/sexo-conseils.com\/"},{"@type":"ListItem","position":2,"name":"Boutique","item":"https:\/\/sexo-conseils.com\/?page_id=54"},{"@type":"ListItem","position":3,"name":"Bons cadeaux coquins \u00e0 t\u00e9l\u00e9charger"}]},{"@type":"WebSite","@id":"https:\/\/sexo-conseils.com\/#website","url":"https:\/\/sexo-conseils.com\/","name":"Sexo-Conseils","description":"L\u2019intime, en toute confiance","potentialAction":[{"@type":"SearchAction","target":{"@type":"EntryPoint","urlTemplate":"https:\/\/sexo-conseils.com\/?s={search_term_string}"},"query-input":{"@type":"PropertyValueSpecification","valueRequired":true,"valueName":"search_term_string"}}],"inLanguage":"fr-FR"}]}},"_links":{"self":[{"href":"https:\/\/sexo-conseils.com\/index.php?rest_route=\/wp\/v2\/product\/136","targetHints":{"allow":["GET"]}}],"collection":[{"href":"https:\/\/sexo-conseils.com\/index.php?rest_route=\/wp\/v2\/product"}],"about":[{"href":"https:\/\/sexo-conseils.com\/index.php?rest_route=\/wp\/v2\/types\/product"}],"replies":[{"embeddable":true,"href":"https:\/\/sexo-conseils.com\/index.php?rest_route=%2Fwp%2Fv2%2Fcomments&post=136"}],"wp:featuredmedia":[{"embeddable":true,"href":"https:\/\/sexo-conseils.com\/index.php?rest_route=\/wp\/v2\/media\/137"}],"wp:attachment":[{"href":"https:\/\/sexo-conseils.com\/index.php?rest_route=%2Fwp%2Fv2%2Fmedia&parent=136"}],"wp:term":[{"taxonomy":"product_brand","embeddable":true,"href":"https:\/\/sexo-conseils.com\/index.php?rest_route=%2Fwp%2Fv2%2Fproduct_brand&post=136"},{"taxonomy":"product_cat","embeddable":true,"href":"https:\/\/sexo-conseils.com\/index.php?rest_route=%2Fwp%2Fv2%2Fproduct_cat&post=136"},{"taxonomy":"product_tag","embeddable":true,"href":"https:\/\/sexo-conseils.com\/index.php?rest_route=%2Fwp%2Fv2%2Fproduct_tag&post=136"}],"curies":[{"name":"wp","href":"https:\/\/api.w.org\/{rel}","templated":true}]}}