{"id":143,"date":"2025-05-20T17:02:56","date_gmt":"2025-05-20T15:02:56","guid":{"rendered":"https:\/\/sexo-conseils.com\/?page_id=143"},"modified":"2025-07-19T11:39:33","modified_gmt":"2025-07-19T09:39:33","slug":"articles-2","status":"publish","type":"page","link":"https:\/\/sexo-conseils.com\/?page_id=143","title":{"rendered":"Articles"},"content":{"rendered":"\n<figure class=\"wp-block-image size-large\"><img loading=\"lazy\" decoding=\"async\" width=\"1024\" height=\"682\" src=\"https:\/\/sexo-conseils.com\/wp-content\/uploads\/2025\/05\/heart-3112065_1280-1024x682.jpg\" alt=\"\" class=\"wp-image-146\" srcset=\"https:\/\/sexo-conseils.com\/wp-content\/uploads\/2025\/05\/heart-3112065_1280-1024x682.jpg 1024w, https:\/\/sexo-conseils.com\/wp-content\/uploads\/2025\/05\/heart-3112065_1280-300x200.jpg 300w, https:\/\/sexo-conseils.com\/wp-content\/uploads\/2025\/05\/heart-3112065_1280-768x512.jpg 768w, https:\/\/sexo-conseils.com\/wp-content\/uploads\/2025\/05\/heart-3112065_1280-600x400.jpg 600w, https:\/\/sexo-conseils.com\/wp-content\/uploads\/2025\/05\/heart-3112065_1280.jpg 1280w\" sizes=\"auto, (max-width: 1024px) 100vw, 1024px\" \/><\/figure>\n\n\n\n<h3 class=\"wp-block-heading\">Bienvenue sur la page Articles<\/h3>\n\n\n\n<p>Ici, vous trouverez des contenus riches, clairs et sans tabou autour de la sexualit\u00e9, des relations et du bien-\u00eatre intime. Nos articles sont con\u00e7us pour vous informer, vous accompagner et parfois vous bousculer \u2014 toujours avec bienveillance.<\/p>\n\n\n\n<p>Que vous cherchiez des r\u00e9ponses \u00e0 vos questions, des pistes de r\u00e9flexion ou simplement une lecture \u00e9clairante, cette page est l\u00e0 pour nourrir votre curiosit\u00e9 et votre cheminement personnel. Il suffit juste de cliquer sur le th\u00e8me qui vous int\u00e9rresse.<\/p>\n\n\n\n<h2 class=\"wp-block-heading\">Divers<\/h2>\n\n\n\n<p><strong>Qu es-ce qu&rsquo;un sexologue ?<\/strong><br>Troubles de l\u2019\u00e9rection, vaginisme, anorgasmie\u2026. Ces troubles sexuels peuvent<br>toucher les individus, \u00e0 n\u2019importe quel stade de leur vie sexuelle.<br>Que ces pathologies aient pour origine des causes organiques ou<br>psychologiques, le sexologue va aider les personnes qui en souffrent \u00e0 venir bout<br>de ces difficult\u00e9s.<br>En effet, ce th\u00e9rapeute est sp\u00e9cialis\u00e9 dans la prise en charge des probl\u00e8mes<br>sexuels. <a href=\"https:\/\/sexo-conseils.com\/?product=livret-quest-ce-quun-sexologue-offert\" target=\"_blank\" rel=\"noreferrer noopener\">Plus d&rsquo;information cliquez ici<\/a><\/p>\n\n\n\n<p><\/p>\n","protected":false},"excerpt":{"rendered":"<p>Bienvenue sur la page Articles Ici, vous trouverez des contenus riches, clairs et sans tabou autour de la sexualit\u00e9, des relations et du bien-\u00eatre intime. Nos articles sont con\u00e7us pour <a class=\"more-link\" href=\"https:\/\/sexo-conseils.com\/?page_id=143\">Continuer la lecture &rarr;<\/a><\/p>\n","protected":false},"author":1,"featured_media":0,"parent":0,"menu_order":0,"comment_status":"closed","ping_status":"closed","template":"","meta":{"footnotes":""},"class_list":["post-143","page","type-page","status-publish","hentry"],"yoast_head":"<!-- This site is optimized with the Yoast SEO plugin v25.6 - https:\/\/yoast.com\/wordpress\/plugins\/seo\/ -->\n<title>Articles - Sexo-Conseils<\/title>\n<meta name=\"robots\" content=\"index, follow, max-snippet:-1, max-image-preview:large, max-video-preview:-1\" \/>\n<link rel=\"canonical\" href=\"https:\/\/sexo-conseils.com\/?page_id=143\" \/>\n<meta property=\"og:locale\" content=\"fr_FR\" \/>\n<meta property=\"og:type\" content=\"article\" \/>\n<meta property=\"og:title\" content=\"Articles - Sexo-Conseils\" \/>\n<meta property=\"og:description\" content=\"Bienvenue sur la page Articles Ici, vous trouverez des contenus riches, clairs et sans tabou autour de la sexualit\u00e9, des relations et du bien-\u00eatre i\" \/>\n<meta property=\"og:url\" content=\"https:\/\/sexo-conseils.com\/?page_id=143\" \/>\n<meta property=\"og:site_name\" content=\"Sexo-Conseils\" \/>\n<meta property=\"article:modified_time\" content=\"2025-07-19T09:39:33+00:00\" \/>\n<meta property=\"og:image\" content=\"https:\/\/sexo-conseils.com\/wp-content\/uploads\/2025\/05\/heart-3112065_1280.jpg\" \/>\n\t<meta property=\"og:image:width\" content=\"1280\" \/>\n\t<meta property=\"og:image:height\" content=\"853\" \/>\n\t<meta property=\"og:image:type\" content=\"image\/jpeg\" \/>\n<meta name=\"twitter:card\" content=\"summary_large_image\" \/>\n<meta name=\"twitter:label1\" content=\"Dur\u00e9e de lecture estim\u00e9e\" \/>\n\t<meta name=\"twitter:data1\" content=\"1 minute\" \/>\n<script type=\"application\/ld+json\" class=\"yoast-schema-graph\">{\"@context\":\"https:\/\/schema.org\",\"@graph\":[{\"@type\":\"WebPage\",\"@id\":\"https:\/\/sexo-conseils.com\/?page_id=143\",\"url\":\"https:\/\/sexo-conseils.com\/?page_id=143\",\"name\":\"Articles - Sexo-Conseils\",\"isPartOf\":{\"@id\":\"https:\/\/sexo-conseils.com\/#website\"},\"primaryImageOfPage\":{\"@id\":\"https:\/\/sexo-conseils.com\/?page_id=143#primaryimage\"},\"image\":{\"@id\":\"https:\/\/sexo-conseils.com\/?page_id=143#primaryimage\"},\"thumbnailUrl\":\"https:\/\/sexo-conseils.com\/wp-content\/uploads\/2025\/05\/heart-3112065_1280-1024x682.jpg\",\"datePublished\":\"2025-05-20T15:02:56+00:00\",\"dateModified\":\"2025-07-19T09:39:33+00:00\",\"breadcrumb\":{\"@id\":\"https:\/\/sexo-conseils.com\/?page_id=143#breadcrumb\"},\"inLanguage\":\"fr-FR\",\"potentialAction\":[{\"@type\":\"ReadAction\",\"target\":[\"https:\/\/sexo-conseils.com\/?page_id=143\"]}]},{\"@type\":\"ImageObject\",\"inLanguage\":\"fr-FR\",\"@id\":\"https:\/\/sexo-conseils.com\/?page_id=143#primaryimage\",\"url\":\"https:\/\/sexo-conseils.com\/wp-content\/uploads\/2025\/05\/heart-3112065_1280.jpg\",\"contentUrl\":\"https:\/\/sexo-conseils.com\/wp-content\/uploads\/2025\/05\/heart-3112065_1280.jpg\",\"width\":1280,\"height\":853},{\"@type\":\"BreadcrumbList\",\"@id\":\"https:\/\/sexo-conseils.com\/?page_id=143#breadcrumb\",\"itemListElement\":[{\"@type\":\"ListItem\",\"position\":1,\"name\":\"Accueil\",\"item\":\"https:\/\/sexo-conseils.com\/\"},{\"@type\":\"ListItem\",\"position\":2,\"name\":\"Articles\"}]},{\"@type\":\"WebSite\",\"@id\":\"https:\/\/sexo-conseils.com\/#website\",\"url\":\"https:\/\/sexo-conseils.com\/\",\"name\":\"Sexo-Conseils\",\"description\":\"L\u2019intime, en toute confiance\",\"potentialAction\":[{\"@type\":\"SearchAction\",\"target\":{\"@type\":\"EntryPoint\",\"urlTemplate\":\"https:\/\/sexo-conseils.com\/?s={search_term_string}\"},\"query-input\":{\"@type\":\"PropertyValueSpecification\",\"valueRequired\":true,\"valueName\":\"search_term_string\"}}],\"inLanguage\":\"fr-FR\"}]}<\/script>\n<!-- \/ Yoast SEO plugin. -->","yoast_head_json":{"title":"Articles - Sexo-Conseils","robots":{"index":"index","follow":"follow","max-snippet":"max-snippet:-1","max-image-preview":"max-image-preview:large","max-video-preview":"max-video-preview:-1"},"canonical":"https:\/\/sexo-conseils.com\/?page_id=143","og_locale":"fr_FR","og_type":"article","og_title":"Articles - Sexo-Conseils","og_description":"Bienvenue sur la page Articles Ici, vous trouverez des contenus riches, clairs et sans tabou autour de la sexualit\u00e9, des relations et du bien-\u00eatre i","og_url":"https:\/\/sexo-conseils.com\/?page_id=143","og_site_name":"Sexo-Conseils","article_modified_time":"2025-07-19T09:39:33+00:00","og_image":[{"width":1280,"height":853,"url":"https:\/\/sexo-conseils.com\/wp-content\/uploads\/2025\/05\/heart-3112065_1280.jpg","type":"image\/jpeg"}],"twitter_card":"summary_large_image","twitter_misc":{"Dur\u00e9e de lecture estim\u00e9e":"1 minute"},"schema":{"@context":"https:\/\/schema.org","@graph":[{"@type":"WebPage","@id":"https:\/\/sexo-conseils.com\/?page_id=143","url":"https:\/\/sexo-conseils.com\/?page_id=143","name":"Articles - Sexo-Conseils","isPartOf":{"@id":"https:\/\/sexo-conseils.com\/#website"},"primaryImageOfPage":{"@id":"https:\/\/sexo-conseils.com\/?page_id=143#primaryimage"},"image":{"@id":"https:\/\/sexo-conseils.com\/?page_id=143#primaryimage"},"thumbnailUrl":"https:\/\/sexo-conseils.com\/wp-content\/uploads\/2025\/05\/heart-3112065_1280-1024x682.jpg","datePublished":"2025-05-20T15:02:56+00:00","dateModified":"2025-07-19T09:39:33+00:00","breadcrumb":{"@id":"https:\/\/sexo-conseils.com\/?page_id=143#breadcrumb"},"inLanguage":"fr-FR","potentialAction":[{"@type":"ReadAction","target":["https:\/\/sexo-conseils.com\/?page_id=143"]}]},{"@type":"ImageObject","inLanguage":"fr-FR","@id":"https:\/\/sexo-conseils.com\/?page_id=143#primaryimage","url":"https:\/\/sexo-conseils.com\/wp-content\/uploads\/2025\/05\/heart-3112065_1280.jpg","contentUrl":"https:\/\/sexo-conseils.com\/wp-content\/uploads\/2025\/05\/heart-3112065_1280.jpg","width":1280,"height":853},{"@type":"BreadcrumbList","@id":"https:\/\/sexo-conseils.com\/?page_id=143#breadcrumb","itemListElement":[{"@type":"ListItem","position":1,"name":"Accueil","item":"https:\/\/sexo-conseils.com\/"},{"@type":"ListItem","position":2,"name":"Articles"}]},{"@type":"WebSite","@id":"https:\/\/sexo-conseils.com\/#website","url":"https:\/\/sexo-conseils.com\/","name":"Sexo-Conseils","description":"L\u2019intime, en toute confiance","potentialAction":[{"@type":"SearchAction","target":{"@type":"EntryPoint","urlTemplate":"https:\/\/sexo-conseils.com\/?s={search_term_string}"},"query-input":{"@type":"PropertyValueSpecification","valueRequired":true,"valueName":"search_term_string"}}],"inLanguage":"fr-FR"}]}},"_links":{"self":[{"href":"https:\/\/sexo-conseils.com\/index.php?rest_route=\/wp\/v2\/pages\/143","targetHints":{"allow":["GET"]}}],"collection":[{"href":"https:\/\/sexo-conseils.com\/index.php?rest_route=\/wp\/v2\/pages"}],"about":[{"href":"https:\/\/sexo-conseils.com\/index.php?rest_route=\/wp\/v2\/types\/page"}],"author":[{"embeddable":true,"href":"https:\/\/sexo-conseils.com\/index.php?rest_route=\/wp\/v2\/users\/1"}],"replies":[{"embeddable":true,"href":"https:\/\/sexo-conseils.com\/index.php?rest_route=%2Fwp%2Fv2%2Fcomments&post=143"}],"version-history":[{"count":5,"href":"https:\/\/sexo-conseils.com\/index.php?rest_route=\/wp\/v2\/pages\/143\/revisions"}],"predecessor-version":[{"id":240,"href":"https:\/\/sexo-conseils.com\/index.php?rest_route=\/wp\/v2\/pages\/143\/revisions\/240"}],"wp:attachment":[{"href":"https:\/\/sexo-conseils.com\/index.php?rest_route=%2Fwp%2Fv2%2Fmedia&parent=143"}],"curies":[{"name":"wp","href":"https:\/\/api.w.org\/{rel}","templated":true}]}}